mposite?
False
Let i = 243 - -88. Is i a prime number?
True
Let y be ((-18)/10)/((-6)/30). Suppose 0 = y*u - 7*u - 284. Is u a composite number?
True
Let i be 222/24 + (-2)/8. Let a be (2 + (-2)/(-3))*9. Is (-1)/(-3) + a/i prime?
True
Let i be 1/(-4)*(-1 + -19). Suppose -5*c + 520 = i*v, -5*v + c + 560 = -2*c. Is v composite?
False
Let d(s) = -3*s. Let k be d(0). Is (-24)/12 + (k - -55) a prime number?
True
Let q(c) = -942*c**3 + c**2. Is q(-1) a composite number?
True
Let k = -299 + 444. Is k composite?
True
Let l(d) = 6 - 3*d - 6 + 2*d + 310*d**2. Let a be l(-1). Suppose 197 = 4*y - a. Is y a prime number?
True
Suppose 0 = -2*x + x + h + 451, -4*h = 5*x - 2246. Suppose 2*d - 5*r - x = 0, -5*r - 515 = -3*d + 170. Is d a composite number?
True
Suppose 4*s - 2*r + 4 = s, 5*s - 30 = -4*r. Suppose -5*j + 120 = 2*o, 0 = j - s*o - 2*o - 2. Is j composite?
True
Let u be 3594/15 - (-2)/5. Let a = 613 - u. Is a a prime number?
True
Suppose -4*x + 17 - 5 = 0. Let o = x + -1. Suppose 225 = o*s + 3*v, v = -s - 0*v + 112. Is s prime?
False
Let h be (-5307)/(-9) + (-2)/(-6). Let j = 849 - h. Is j a composite number?
True
Suppose 5389 = 4*q - 5*s + 2*s, -3*q - 4*s = -4023. Is q prime?
False
Let c = 6874 + -4403. Is c prime?
False
Suppose -5*t + 5*n = -1305, 518 = 2*t + 4*n - 2*n. Suppose 0 = m + 2*r - 3*r - 129, 2*m - 3*r - t = 0. Is m prime?
True
Suppose 0*c = 2*c + 18. Let a = c - -7. Is (127*-1)/(2/a) composite?
False
Let z be 0/(-2) + -2 + 340. Suppose 3*t - z = 169. Suppose 116 = 2*g - o, 3*g + 0*o = 4*o + t. Is g a prime number?
True
Suppose 4*p - 11 = 3*x + 2*x, p + 16 = -5*x. Let w(u) = u**2. Let q(g) = -11*g + 9. Let s(b) = p*w(b) + q(b). Is s(-8) a composite number?
True
Let a(y) = -y**3 - 7*y**2 - 9*y + 6. Is a(-7) a prime number?
False
Suppose 0 = -13*b + 8*b + 385. Is b a prime number?
False
Suppose 0 = 13*k - 15*k. Suppose 5*w + k*w - 815 = 0. Is w composite?
False
Let a(c) = -c**2 + 5*c + 2. Let o be a(5). Let q(r) be the second derivative of 3*r**4 + r**3/3 - 3*r**2/2 + 22*r. Is q(o) prime?
False
Is 3787/14*(-2)/(-1) a composite number?
False
Let j be 6/(-8) - (-3)/(-12). Let s be j + -2 + (82 - 3). Is s + 6 + (1 - 4) a prime number?
True
Let f be (-2)/(-8) - (-22)/8. Suppose y + 156 = 4*y + f*b, -2*b - 43 = -y. Is y composite?
True
Let j(w) = 3*w - 1 - w + 3*w - 2. Let k be j(4). Is (k - 1) + 2 + 1 composite?
False
Is (2174/(-3))/(8/(-12)) composite?
False
Suppose v = 4*c + 251, 2*v - 3*c - 251 = v. Is v a prime number?
True
Suppose 2*p = p + 126. Suppose 5*r = -31 + p. Is r a prime number?
True
Let w(v) = -v**2 + 13*v + 1. Is w(6) prime?
True
Let r(h) = -197*h - 14. Is r(-11) prime?
True
Suppose -4*z - 179 = 3*y, -4*z + 10 = -9*z. Is 3 - (2 + 3) - y composite?
True
Is (-10804)/(-12) - (-2)/3 a prime number?
False
Is 0*(-2)/(-8) + 14 prime?
False
Let i(v) = 2*v + 5 + v**3 + 2*v - 2*v + 1 + 10*v**2. Suppose 6*o - 3*o - 4*r + 7 = 0, -5*o + 3*r = 30. Is i(o) prime?
False
Suppose 0 = -3*h + 9 + 6. Suppose 5*o - 2619 = 2*f - 591, 5*f = 5*o - 2025. Suppose -h*j + 3*j = -o. Is j composite?
True
Let j be (-7 - -2)*(-2)/5. Suppose j*t - 5 = 1. Is t a composite number?
False
Suppose 5 = -q + 2. Let y(j) = -4*j**3 - 3*j**2 - 2. Is y(q) a composite number?
False
Let i = -12 - -17. Suppose 0 = i*g - 0*g - 25. Suppose q = c - q - 9, g*c = -5*q + 75. Is c composite?
False
Let h(f) = 6*f**2 + 8*f - 9. Let g be h(6). Suppose -1223 = -4*w + 5*m, w - 3*m - g = 49. Is w a prime number?
True
Let o = 16 - 10. Let i(j) = -j**2 + 5*j + 5. Let y be i(o). Is (-230)/(y - -3)*-1 composite?
True
Let u(i) = 2*i + 1. Let r be u(1). Suppose 6*y - 28 = 2*y + 4*n, 4*n = -12. Suppose -y*f + 10 = -r*f. Is f a composite number?
True
Suppose 2*p + 5817 = 9*p. Is p prime?
False
Suppose -b + 5*x = 79 + 9, x + 1 = 0. Let n = -60 - b. Is n prime?
False
Let s = -70 + 107. Suppose -z + 92 = -s. Is z a prime number?
False
Suppose 10 = -w + 79. Suppose 52 = l - w. Is l prime?
False
Suppose -p + 767 = -0*g + 4*g, -5*g = 3*p - 964. Is g a prime number?
True
Let a(d) = 3*d + 9. Let h be a(-5). Is (316/h)/(18/(-27)) a composite number?
False
Let y(v) = 293*v - 2. Is y(11) a composite number?
False
Let n(m) = m**3 + m**2 + 56. Let l be n(0). Suppose -l = -6*x + 4*x. Suppose 0*u = -2*u + x. Is u prime?
False
Suppose -5*w = 5*s - 20, -3*w + 15 = w + 3*s. Suppose q - 10 = w*q. Let b = q - -11. Is b composite?
True
Let v(b) = 2*b - 28. Let d be v(16). Let m(u) = 2*u**2 - 5*u + 2. Let n be m(3). Suppose 81 - 264 = -n*p - z, 0 = p - d*z - 45. Is p a composite number?
False
Let y(c) = c**3 - 3*c - 3. Is y(3) a prime number?
False
Let d = 85 - 0. Is d a composite number?
True
Suppose 5*q + 28 = 713. Suppose a = x + 6*a - 117, -x + q = -5*a. Is x a prime number?
True
Let t(y) = -y**2 + 317. Let s(u) = u + 11. Let q be s(-11). Is t(q) a prime number?
True
Suppose -4*w - 50 = -2*h, -5*h + 60 = 5*w - 2*w. Suppose -4*d = -325 - h. Is d a composite number?
True
Let s = -7 + 4. Let j be (-3 - s)/(-1) + 123. Let o = j - 56. Is o composite?
False
Suppose -2*o + 2 = 44. Suppose 0 = 4*k - 3*k + 5, f - 27 = 5*k. Is (f + o)/(1/(-2)) composite?
True
Let h be (0/(-1))/((-6)/(-6)). Is -2 - (h - (-270)/(-2)) a prime number?
False
Let r = 121 - -66. Is r a prime number?
False
Let r(c) = 7*c**2 - c + c + 0*c - c - c**3 + 1. Is r(6) a prime number?
True
Suppose 3*c = -4*y + 8, -4*c = -c + 3*y - 9. Let k(h) be the third derivative of 7*h**4/24 - 5*h**3/6 - 2*h**2. Is k(c) a composite number?
False
Let i(f) = f**3 - f + 53. Let y(o) = o**3 + 5 - 1 - 5. Let n be y(1). Is i(n) a prime number?
True
Let x = 7 + -3. Suppose -53 = x*m - 193. Is m a composite number?
True
Suppose 0 = -j - 3*l + 172 + 204, -4*j + 1494 = 2*l. Is j prime?
True
Let d(u) = -56*u + 10. Is d(-6) a composite number?
True
Let z = 85 - -58. Is z prime?
False
Suppose 5*h - 3*k = 1888, 0 = 5*h - 0*h - k - 1886. Is h composite?
True
Suppose 100 = -2*m + 3*m. Suppose 3*o - o = m. Suppose -4*g = -6 - o. Is g a composite number?
True
Let i = -8 + 12. Let c = i - 1. Is c/(-12) - 231/(-12) composite?
False
Let d be (-2)/2 + 382 + 5. Is d/26 + (-2)/(-13) prime?
False
Let n = 16 - -279. Let g = -186 + n. Is g a composite number?
False
Suppose -j + 8 = 3*j. Is j/(-2)*(-14 - 23) a prime number?
True
Suppose -9 = -4*x + 3. Suppose 3 = 2*k - 11. Is ((-44)/(-2) - x)*k prime?
False
Suppose 5473 = 3*k - 3*i + 4*i, -i + 9119 = 5*k. Is k prime?
True
Suppose -2*j + 11 = 1. Suppose 2*u + 23 = -3*d, 5*u = 2*d + d - j. Is (-46)/u - 1/2 a prime number?
True
Let i = 27 - 42. Let g = -5 - i. Is g a composite number?
True
Let z(q) = 2*q**3 + 5*q**2 + 5*q + 4. Suppose -3*c + 2 - 11 = 0. Let n be z(c). Let x = 39 + n. Is x prime?
True
Let v = 241 + -459. Let p = 403 + v. Is p prime?
False
Is (-3 + 194)*(1 + 0) composite?
False
Let h(j) = -j + 18. Let p be h(0). Let r be (-142)/9 - 4/p. Is 36/16*r/(-6) a composite number?
True
Let p(c) = -213*c**3 - 2*c**2 - 2*c - 1. Let s be p(-1). Suppose -s = -7*n + 243. Is n a prime number?
False
Let a(b) = -7*b - 7. Let h(r) = 20*r + 22. Let o(g) = 17*a(g) + 6*h(g). Let f be o(-7). Is 4/6 + 38/f prime?
True
Let k = 1331 - 258. Is k composite?
True
Is (-34368)/(-42) - 2/7 a prime number?
False
Suppose -6 = -y + 137. Is y composite?
True
Is ((-6)/9)/((-10)/11265) composite?
False
Let t = 520 + -213. Is t a prime number?
True
Let p = 11 + -9. Is p*9/(-6) - -121 composite?
True
Suppose -7*m = -2*m. Suppose m = -2*u + 32 + 198. Is u composite?
True
Let v(g) = 10*g**2 + 3*g + 2. Let u be v(-4). Suppose -193 = -5*r - 4*k, r + k = -3*r + u. Is r a prime number?
True
Suppose -3*i + 5*m + 1059 = 0, 3*i - 4*m = -m + 1059. Is i a prime number?
True
Suppose -a = 4*a. Suppose -2*u = -a*u - 14. Let x(l) = l**2 - 3*l + 6. Is x(u) prime?
False
Let q = 1008 - 500. Suppose 0 = -h + 5*h - q. Is h prime?
True
Let l be (-2)/6 + (-57)/(-9). Suppose -2*c + l = 2. Suppose 0 = -5*v - c*z + 147, -v - z + 27 = -0*v. Is v a prime number?
True
Is 4*1 - (-3 - 1960) composite?
True
Suppose 0*v = -4*v + 1068. Is v a prime number?
False
Let n be ((-273)/(-6))/(-7)*-18. Suppose -2*s + 65 = -n. Is s composite?
True
Is ((-3941)/(-5) - -1)*(-20)/(-8) a prime number?
True
Let c = -29 - -21. Is 3 - c*(1 + 1) a prime number?
True
Let g = -4 + 28. Let r = 33 - 4. Let f = r + g. Is